se 4) to base 16.
-4b1c
-16d8 (base 16) to base 10
-5848
Convert -21a86 (base 12) to base 15.
-d3cc
Convert 41351 (base 7) to base 9.
14805
Convert -2b6 (base 14) to base 16.
-228
What is -854 (base 11) in base 7?
-2665
32389 (base 10) to base 4
13322011
Convert 10650 (base 8) to base 4.
1012220
What is -7cb (base 16) in base 14?
-a27
Convert 2037 (base 11) to base 8.
5216
-295 (base 13) to base 14
-24c
Convert -a81 (base 12) to base 14.
-7bb
What is -143 (base 8) in base 4?
-1203
What is -42 (base 16) in base 8?
-102
-5664 (base 7) to base 5
-31210
What is 245 (base 14) in base 6?
2033
Convert 57d (base 15) to base 12.
877
What is 131123 (base 5) in base 16?
142b
18 (base 16) to base 6
40
What is 4454 (base 11) in base 2?
1011011101011
546 (base 12) to base 10
774
Convert 1031 (base 4) to base 15.
52
9022 (base 10) to base 7
35206
Convert 1ab0 (base 16) to base 11.
5151
56053 (base 7) to base 9
21307
Convert 1011102 (base 4) to base 14.
188a
Convert -4b85 (base 14) to base 4.
-3033001
Convert -12231 (base 4) to base 5.
-3204
-1a149 (base 11) to base 2
-110110111011101
What is -26c (base 14) in base 16?
-1e8
Convert -2300 (base 5) to base 4.
-11011
690b (base 15) to base 10
22286
What is -111021 (base 3) in base 5?
-2413
What is -200001001 (base 3) in base 9?
-20031
22100120 (base 4) to base 13
16175
Convert -42a1 (base 12) to base 11.
-5556
Convert 13fa (base 16) to base 8.
11772
Convert 2244 (base 11) to base 16.
b88
What is -989 (base 10) in base 12?
-6a5
-106164 (base 7) to base 16
-4a10
2ceb (base 16) to base 7
45345
Convert -6ed (base 15) to base 5.
-22243
54667 (base 8) to base 13
a5b9
What is -41044 (base 5) in base 15?
-bb9
2822 (base 10) to base 12
1772
-2ba (base 12) to base 2
-110101110
1001010110 (base 2) to base 6
2434
327 (base 12) to base 3
122011
Convert 21031021 (base 4) to base 2.
1001001101001001
What is 1122011 (base 3) in base 9?
1564
130 (base 15) to base 10
270
What is -1300321 (base 4) in base 8?
-16071
Convert 747 (base 10) to base 9.
1020
1106 (base 8) to base 4
21012
What is 55 (base 7) in base 2?
101000
115 (base 11) to base 14
9b
Convert 324455 (base 6) to base 8.
64523
2010220221 (base 3) to base 13
162b2
6ab (base 15) to base 10
1511
What is -538 (base 9) in base 15?
-1e5
-12575 (base 12) to base 13
-b4c2
What is -eeb (base 15) in base 5?
-101441
-301 (base 12) to base 5
-3213
What is -345 (base 7) in base 5?
-1210
-245432 (base 7) to base 4
-23001200
-101060 (base 7) to base 14
-63a0
What is -484 (base 16) in base 5?
-14111
-203133 (base 4) to base 11
-1785
Convert 88712 (base 9) to base 5.
3341043
Convert -251 (base 12) to base 2.
-101011101
What is 817 (base 12) in base 7?
3262
What is -123 (base 15) in base 16?
-102
Convert -11020111 (base 3) to base 5.
-44331
-1110450 (base 6) to base 10
-55902
Convert 32064 (base 7) to base 4.
1323333
Convert 1025 (base 14) to base 7.
11045
-111002211 (base 3) to base 11
-71a5
Convert -21211122 (base 3) to base 5.
-140324
Convert 112311 (base 5) to base 8.
7761
Convert -446 (base 8) to base 9.
-356
Convert -19c4b (base 14) to base 3.
-10022220002
Convert -64120 (base 7) to base 10.
-15841
What is -300 (base 11) in base 7?
-1026
Convert 571 (base 10) to base 12.
3b7
-367b (base 12) to base 15
-1c48
Convert -2021 (base 6) to base 5.
-3240
Convert 40 (base 16) to base 5.
224
Convert -16185 (base 10) to base 2.
-11111100111001
What is -44622 (base 9) in base 14?
-ab50
What is -6d1a (base 15) in base 3?
-1011211021
Convert 705 (base 8) to base 7.
1215
Convert -ba53 (base 12) to base 10.
-20511
What is -3245 (base 8) in base 3?
-2100000
d108 (base 15) to base 9
66448
Convert 44301 (base 5) to base 3.
11012221
10331213 (base 4) to base 11
142aa
Convert -1009 (base 12) to base 3.
-2101100
10614 (base 7) to base 3
10201020
What is -10322 (base 4) in base 13?
-1b2
-25840 (base 12) to base 9
-77343
Convert 3207 (base 8) to base 6.
11423
-17c (base 15) to base 8
-526
What is 13211030 (base 4) in base 2?
111100101001100
What is -2122000 (base 4) in base 15?
-2dc1
Convert 142 (base 16) to base 7.
640
114b2 (base 15) to base 2
1101011100011011
Convert d2c (base 16) to base 6.
23340
31b (base 12) to base 13
290
3465 (base 10) to base 2
110110001001
What is -101010010000 (base 2) in base 16?
-a90
What is 4005 (base 12) in base 5?
210132
What is -72053 (base 9) in base 16?
-b949
What is -11215 (base 6) in base 7?
-4436
Convert 4826 (base 9) to base 14.
1444
Convert 3778 (base 9) to base 5.
42300
1157a (base 13) to base 8
75730
10100100100 (base 2) to base 10
1316
6a1 (base 14) to base 6
10033
Convert -1201011120 (base 3) to base 11.
-23318
What is 537 (base 9) in base 2?
110110111
Convert -962 (base 13) to base 8.
-3101
2317 (base 8) to base 14
63d
What is 16640 (base 7) in base 15?
163b
Convert 85 (base 13) to base 5.
414
111110001 (base 2) to base 11
412
Convert 11502 (base 6) to base 12.
b92
What is 806 (base 10) in base 3?
1002212
What is 56 (base 7) in base 5?
131
Convert -703a (base 12) to base 13.
-56b0
Convert 104265 (base 7) to base 4.
10132110
Convert -402 (base 9) to base 3.
-110002
-11100111000 (base 2) to base 12
-10a0
Convert 3162 (base 14) to base 6.
103230
-367 (base 10) to base 6
-1411
What is -213244 (base 7) in base 12?
-1961a
ba86 (base 12) to base 5
1124200
Convert -202032 (base 5) to base 6.
-50101
Convert 138a (base 12) to base 13.
1054
Convert 117241 (base 8) to base 15.
c074
What is -5132 (base 8) in base 13?
-128b
142 (base 10) to base 5
1032
Convert 1110010010011 (base 2) to base 11.
5550
5170 (base 9) to base 10
3789
What is 4284 (base 13) in base 16?
2412
29080 (base 12) to base 3
2220100120
1052053 (base 6) to base 5
3203401
-6a (base 13) to base 12
-74
What is 2034233 (base 5) in base 3?
1201012220
Convert 3210 (base 5) to base 9.
527
Convert -2276 (base 10) to base 3.
-10010022
Convert -2401 (base 10) to base 12.
-1481
What is -57b (base 14) in base 10?
-1089
-11200020 (base 3) to base 11
-2619
Convert -5031 (base 7) to base 14.
-8c1
What is -403 (base 6) in base 12?
-103
-618 (base 11) to base 2
-1011101001
Convert -411 (base 9) to base 6.
-1314
2212024 (base 5) to base 10
38389
What is -12124 (base 5) in base 3?
-1020212
What is -148 (base 13) in base 9?
-274
Convert -2d9 (base 14) to base 13.
-35b
2101 (base 9) to base 4
120010
Convert -2836 (base 9) to base 12.
-12a3
Convert -9841 (base 13) to base 14.
-7a0a
What is 75530 (base 10) in base 16?
1270a
What is 6164 (base 9) in base 3?
20012011
Convert 10000110110000 (base 2) to base 4.
2012300
What is 235 (base 12) in base 8?
511
7488 (base 10) to base 3
101021100
Convert -163d (base 14) to base 3.
-12110020
Convert -50051 (base 7) to base 2.
-10111100001001
Convert -3010 (base 14) to base 15.
-269b
-22377 (base 9) to base 14
-55db
Convert -7b33 (base 12) to base 5.
-414334
What is -1e3c (base 15) in base 13?
-2cc4
Convert 23670 (base 9) to base 14.
5aca
Convert 7657 (base 8) to base 16.
faf
Convert 102 (base 7) to base 10.
51
-1434 (base 13) to base 14
-10c4
1221031 (base 5) to base 14
869c
Convert -168 (base 16) to base 12.
-260
1000100110 (base 3) to base 5
1114223
What is 33154 (base 7) in base 13?
3a30
What is 178a (base 15) in base 13?
240a
10111100110 (base 2) to base 8
2746
-9d0 (base 14) to base 11
-150a
What is -1200021 (base 3) in base 7?
-3364
What is 163 (base 15) in base 14?
18a
Convert -254 (base 15) to base 4.
-20101
10020 (base 4) to base 10
264
Convert -2bba (base 13) to base 15.
-1d71
-a48 (base 16) to base 15
-ba7
What is 11101111000 (base 2) in base 12?
1134
Convert 4248 (base 9) to base 4.
300302
Convert -603 (base 16) to base 12.
-a83
2649 (base 15) to base 4
1333221
What is -100011111 (base 2) in base 16?
-11f
Convert -183 (base 10) to base 11.
-157
Convert 24400 (base 5) to base 3.
2112112
-33130303 (base 4) to base 12
-30757
Convert -1757 (base 13) to base 9.
-4655
-312 (base 4) to base 13
-42
What is -212002200 (base 3) in base 8?
-40707
Convert 48146 (base 9) to base 16.
7dc7
3b5 (base 15) to base 14
445
What is -101000121 (base 3) in base 6?
-53454
Convert 1001011010 (base 2) to base 9.
738
44431 (base 6) to base 11
4737
-32123 (base 10) to base 14
-b9c7
Convert b30 (base 13) to base 8.
3552
What is 2203 (base 7) in base 4?
30103
Convert 1c33 (base 15) to base 3.
22101210
Wh